s digit of 36370?
3
What is the thousands digit of 1302?
1
What is the tens digit of 6495?
9
What is the ten thousands digit of 19077?
1
What is the tens digit of 4791?
9
What is the thousands digit of 19705?
9
What is the thousands digit of 4909?
4
What is the thousands digit of 57419?
7
What is the units digit of 269?
9
What is the units digit of 14078?
8
What is the units digit of 5340?
0
What is the hundreds digit of 2074?
0
What is the thousands digit of 11384?
1
What is the tens digit of 10361?
6
What is the units digit of 2228?
8
What is the thousands digit of 1159?
1
What is the hundreds digit of 378?
3
What is the units digit of 44929?
9
What is the tens digit of 3485?
8
What is the units digit of 9156?
6
What is the hundreds digit of 130?
1
What is the hundreds digit of 885?
8
What is the hundreds digit of 3119?
1
What is the thousands digit of 100214?
0
What is the hundreds digit of 7380?
3
What is the tens digit of 7652?
5
What is the tens digit of 1094?
9
What is the tens digit of 1800?
0
What is the hundreds digit of 1483?
4
What is the units digit of 5704?
4
What is the hundreds digit of 30998?
9
What is the units digit of 8067?
7
What is the thousands digit of 58352?
8
What is the tens digit of 200?
0
What is the thousands digit of 2856?
2
What is the thousands digit of 5029?
5
What is the tens digit of 135336?
3
What is the tens digit of 59497?
9
What is the hundreds digit of 15256?
2
What is the thousands digit of 9913?
9
What is the hundreds digit of 29507?
5
What is the hundreds digit of 12379?
3
What is the hundreds digit of 98991?
9
What is the ten thousands digit of 90617?
9
What is the tens digit of 1083?
8
What is the units digit of 7?
7
What is the hundreds digit of 5673?
6
What is the thousands digit of 1277?
1
What is the thousands digit of 15375?
5
What is the tens digit of 1231?
3
What is the units digit of 753?
3
What is the ten thousands digit of 13602?
1
What is the hundreds digit of 40693?
6
What is the tens digit of 15099?
9
What is the units digit of 11043?
3
What is the hundreds digit of 324?
3
What is the tens digit of 933?
3
What is the ten thousands digit of 13107?
1
What is the thousands digit of 1219?
1
What is the ten thousands digit of 37964?
3
What is the tens digit of 78?
7
What is the tens digit of 3103?
0
What is the tens digit of 362?
6
What is the hundreds digit of 24013?
0
What is the thousands digit of 4724?
4
What is the tens digit of 5800?
0
What is the thousands digit of 53863?
3
What is the units digit of 8275?
5
What is the hundreds digit of 5717?
7
What is the units digit of 8948?
8
What is the hundreds digit of 8456?
4
What is the hundreds digit of 33674?
6
What is the hundreds digit of 8754?
7
What is the hundreds digit of 29568?
5
What is the units digit of 63?
3
What is the thousands digit of 1959?
1
What is the hundreds digit of 8927?
9
What is the tens digit of 6975?
7
What is the units digit of 9968?
8
What is the thousands digit of 1524?
1
What is the tens digit of 87397?
9
What is the units digit of 10069?
9
What is the tens digit of 5631?
3
What is the units digit of 2768?
8
What is the units digit of 205?
5
What is the hundreds digit of 36983?
9
What is the thousands digit of 11878?
1
What is the ten thousands digit of 23696?
2
What is the tens digit of 3815?
1
What is the tens digit of 35014?
1
What is the hundred thousands digit of 119778?
1
What is the hundreds digit of 3781?
7
What is the tens digit of 15139?
3
What is the ten thousands digit of 100786?
0
What is the hundreds digit of 1514?
5
What is the ten thousands digit of 128685?
2
What is the units digit of 2075?
5
What is the units digit of 8042?
2
What is the thousands digit of 4288?
4
What is the units digit of 449?
9
What is the units digit of 9704?
4
What is the ten thousands digit of 65139?
6
What is the tens digit of 481?
8
What is the thousands digit of 1481?
1
What is the thousands digit of 27027?
7
What is the thousands digit of 72497?
2
What is the units digit of 1552?
2
What is the tens digit of 97085?
8
What is the ten thousands digit of 42968?
4
What is the tens digit of 4215?
1
What is the thousands digit of 1452?
1
What is the thousands digit of 8925?
8
What is the tens digit of 836?
3
What is the hundreds digit of 51992?
9
What is the hundreds digit of 4595?
5
What is the units digit of 1887?
7
What is the hundreds digit of 9421?
4
What is the tens digit of 5825?
2
What is the hundreds digit of 30287?
2
What is the units digit of 67468?
8
What is the ten thousands digit of 83697?
8
What is the thousands digit of 6111?
6
What is the tens digit of 23641?
4
What is the hundreds digit of 6490?
4
What is the thousands digit of 59066?
9
What is the units digit of 2160?
0
What is the hundreds digit of 2242?
2
What is the thousands digit of 90787?
0
What is the tens digit of 9352?
5
What is the tens digit of 93768?
6
What is the tens digit of 8212?
1
What is the thousands digit of 69060?
9
What is the tens digit of 87271?
7
What is the hundreds digit of 108599?
5
What is the units digit of 890?
0
What is the tens digit of 666?
6
What is the thousands digit of 20843?
0
What is the tens digit of 72031?
3
What is the hundreds digit of 842?
8
What is the hundreds digit of 843?
8
What is the ten thousands digit of 66259?
6
What is the hundreds digit of 1050?
0
What is the units digit of 7524?
4
What is the ten thousands digit of 23548?
2
What is the hundred thousands digit of 102339?
1
What is the units digit of 109?
9
What is the hundreds digit of 833?
8
What is the tens digit of 15799?
9
What is the hundreds digit of 2150?
1
What is the units digit of 153316?
6
What is the tens digit of 517?
1
What is the ten thousands digit of 27747?
2
What is the thousands digit of 1695?
1
What is the units digit of 4553?
3
What is the hundreds digit of 5946?
9
What is the ten thousands digit of 64691?
6
What is the tens digit of 4545?
4
What is the tens digit of 2102?
0
What is the units digit of 2580?
0
What is the thousands digit of 1664?
1
What is the tens digit of 24418?
1
What is the thousands digit of 105462?
5
What is the thousands digit of 2030?
2
What is the hundreds digit of 253?
2
What is the tens digit of 2130?
3
What is the thousands digit of 3124?
3
What is the ten thousands digit of 24009?
2
What is the units digit of 176?
6
What is the thousands digit of 10395?
0
What is the units digit of 9974?
4
What is the tens digit of 1739?
3
What is the thousands digit of 25968?
5
What is the thousands digit of 4781?
4
What is the thousands digit of 57923?
7
What is the ten thousands digit of 14117?
1
What is the units digit of 1364?
4
What is the hundreds digit of 229?
2
What is the hundreds digit of 6743?
7
What is the tens digit of 18088?
8
What is the tens digit of 42003?
0
What is the tens digit of 14909?
0
What is the hundreds digit of 3028?
0
What is the ten thousands digit of 58096?
5
What is the hundreds digit of 862?
8
What is the hundreds digit of 16332?
3
What is the tens digit of 900?
0
What is the thousands digit of 15442?
5
What is the units digit of 397?
7
What is the units digit of 51610?
0
What is the hundreds digit of 59048?
0
What is the hundreds digit of 325?
3
What is the units digit of 482?
2
What is the thousands digit of 2442?
2
What is the ten thousands digit of 30843?
3
What is the hundreds digit of 795?
7
What is the thousands digit of 6116?
6
What is the tens digit of 17953?
5
What is the tens digit of 9784?
8
What is the hundreds digit of 259?
2
What is the ten thousands digit of 33483?
3
What is the units digit of 137734?
4
What is the hundreds digit of 114679?
6
What is the tens digit of 684?
8
What is the ten thousands digit of 88942?
8
What is the thousands digit of 14836?
4
What is the hundreds digit of 107309?
3
What is the thousands digit of 6819?
6
What is the units digit of 147?
7
What is the hundreds digit of 3201?
2
What is the ten thousands digit of 11114?
1
What is the tens digit of 14348?
4
What is the thousands digit of 42758?
2
What is the tens digit of 6206?
0
What is the units digit of 9415?
5
What is the thousands digit of 16257?
6
What is the units digit of 177?
7
What is the hundreds digit of 5919?
9
What is the units digit of 78?
8
What is the tens digit of 63941